e 0 = -r*v - 5*o + 1111, -2*v = 5*o - 1005 + 271. What are the prime factors of v?
13, 29
Suppose 0 = -2*p - 1116*i + 1111*i + 18286, -3*i = -p + 9165. List the prime factors of p.
3, 113
Let s(q) = -q**3 + 3*q**2 - q - 814. Let u(m) = -2*m**2 - 2*m - 1. Let a(k) = -s(k) - 2*u(k). What are the prime factors of a(0)?
2, 3, 17
Let q(i) be the second derivative of i**4/12 - 8*i**3/3 + 30*i. Let w be q(16). Suppose w = 2*c + 54 - 246. List the prime factors of c.
2, 3
List the prime factors of 106270/4 + -8 + (-42)/(-28).
26561
Let k = 619 + -403. Let v = k + 65. What are the prime factors of v?
281
Let n = 1852 - -266. Suppose -5 = -4*f + 3, 3*f + n = 2*z. What are the prime factors of z?
2, 3, 59
Suppose 0 = -3*o - k + 33, 46 = 3*o + 5*k + 13. List the prime factors of 0 - -4 - (o - 185).
2, 89
Suppose 12 - 32 = -5*n. Let u be -1 + 2/n*4. What are the prime factors of 0 + u/4 + (-1086)/(-8)?
2, 17
Let m(s) be the third derivative of s**4/6 - 3*s**3/2 - 5*s**2. Let f be m(-3). Let a = f + 23. What are the prime factors of a?
2
Suppose -228 - 132 = -10*y. Let x(j) = -j**2 + 2*j + 2. Let a be x(3). Let w = y + a. What are the prime factors of w?
5, 7
Let p(q) = 35*q**2 + 12*q + 2. Suppose 4*a = 3*a - 2. What are the prime factors of p(a)?
2, 59
Let h = -35904 + 51861. What are the prime factors of h?
3, 197
Let h(t) = -t**3 + t**2 + 2*t. Let x be h(-2). Suppose 5*l = -2*d - 65, -2*d + 17 - 58 = -3*l. Let n = x - d. What are the prime factors of n?
3, 11
Let r = -221 + 343. Suppose 119*l - r*l = -2181. What are the prime factors of l?
727
Let b = -5774 + 44720. List the prime factors of b.
2, 3, 6491
Suppose -12*l + 16*l = 88. Suppose -452 = -6*s + l. Suppose -w = -s - 14. List the prime factors of w.
3, 31
Suppose 79*r - 76*r + 9 = 0. What are the prime factors of 745 - (0 - r) - 35/(-7)?
3, 83
Let c = -23470 - -32876. List the prime factors of c.
2, 4703
Suppose -1267742 + 4985066 = -93*k + 327*k. What are the prime factors of k?
2, 13, 47
Let m(o) = -o**3 + 48 + 21 - 5*o**2 + 23 + 54*o - 29*o**2. What are the prime factors of m(-36)?
2, 5, 37
Let m(c) = -c**2 + 18*c + 88. Let j be m(-4). Suppose 9*o - 4586 - 409 = j. What are the prime factors of o?
3, 5, 37
Suppose -4*v = -49*q + 50*q - 55671, 5*q = -4*v + 55683. List the prime factors of v.
3, 4639
Let n(a) = a**2 + 23*a + 40. Let j be n(-21). What are the prime factors of (j/(-4))/(12/3912)?
163
Suppose -40803 = -4*f - 3*p, 4*f - 12605 - 28163 = 4*p. What are the prime factors of f?
3, 11, 103
Suppose -4*n = n - 20. Let w(m) = 82*m - 19. Let h(j) = 9*j - 1. Let c(y) = -24*h(y) + 3*w(y). What are the prime factors of c(n)?
3, 29
Suppose -4*w - 1 = -4*h + 15, 3*h + 4 = -5*w. Suppose -h*q - 5*b + 3*b + 524 = 0, b - 792 = -3*q. What are the prime factors of q?
5, 53
Let k = 40017 + -23017. What are the prime factors of k?
2, 5, 17
Let m(p) = 1655*p + 808. What are the prime factors of m(6)?
2, 7, 13, 59
List the prime factors of (-4335)/(-34)*(4/12)/(2/592).
2, 5, 17, 37
Suppose -5*t + 405 = -n - 366, -t = -2*n - 156. Suppose -t = -3*f + 173. Let c = 191 - f. List the prime factors of c.
2, 41
Let x(l) = 6*l - 48. Let d be x(10). What are the prime factors of (d/(-4))/((-3)/610)?
2, 5, 61
Suppose -1 = -q, 2*p = 5*p + q - 94. Let m(c) = -c**3 + 45*c**2 + 423*c + 33. Let b be m(53). List the prime factors of (p + -2)/((-5)/b).
2, 29
Suppose 2*n = -3*r + 4456, 7*n - 2*r = 3*n + 8896. List the prime factors of n.
5, 89
Let k = -295 - -291. What are the prime factors of (k/4)/((-10)/4800)?
2, 3, 5
Suppose 0 = 6*r - 647 - 11653. What are the prime factors of r/8 - 2/(-24)*-3?
2
Let v(a) = 13*a**2 + 24*a + 24. Suppose -22*t + 71 = -127. List the prime factors of v(t).
3, 431
Let t(y) = -2*y**2 - 3*y - 40. Let n be t(-13). Let s = n - -543. What are the prime factors of s?
2, 3, 17
Let m be (-24)/(-15)*(-2)/(16/(-20)). Suppose -m*y + 907 = -565. Let x = y + -256. List the prime factors of x.
2, 7
Suppose 9678952 = 262*q - 9375784. List the prime factors of q.
2, 9091
Let r(s) = s**3 + 7*s**2 + 3*s**2 - 4*s - 5*s**2 + 2*s**2 - 3. Suppose 4*o + 16 = 0, 6*z - 3*o = z - 23. List the prime factors of r(z).
5
Let w(r) = -3*r**2 + 40*r - 42. Let j be w(12). Suppose 228 = 4*z + 4*h, -j*z = -3*z - h - 151. What are the prime factors of z?
2, 13
What are the prime factors of (1 - 959)/(14 + (-5984)/425)?
5, 479
Let h be (45/(-27))/(3/927). List the prime factors of 4*h/(-100)*15.
3, 103
Let v = 41553 - 18962. Suppose -v = -40*b - b. What are the prime factors of b?
19, 29
Let r = 202 - 252. List the prime factors of 1076/20 + (-10)/r.
2, 3
Let z(a) = a**2 + 66*a - 37*a - 26*a - 4. Let q be z(2). Suppose 0 = q*p - 551 - 961. List the prime factors of p.
2, 3, 7
Let p = 963 + -957. Suppose 955 = -p*m + 1447. What are the prime factors of m?
2, 41
What are the prime factors of 1/10 + 75619*7/70?
2, 19, 199
What are the prime factors of 31647/22 + 7*(-7)/(-98)?
1439
Let n be -321 + (-5)/10*12. Let x = 721 + n. What are the prime factors of x?
2, 197
Suppose 3 = 3*a, 8*a - 8351 = -2*k + 7*a. What are the prime factors of k?
5, 167
What are the prime factors of 2/5 - (-5 + (-20568)/5)?
3, 1373
Let p = 167 - 19. Suppose -p = -3*f + 5*c, -3*c + 22 = 4*f - 156. What are the prime factors of f?
2, 23
List the prime factors of -7798*(14 - (-464)/(-32)).
7, 557
Let g = -732 + 22565. What are the prime factors of g?
7, 3119
Let h(a) = -a**2 - 23*a + 54. Let c be h(-25). Suppose -4*b - 4098 = -3*v - 2*v, c*b = -2*v + 1628. What are the prime factors of v?
2, 409
Let o = 2 + 1. Suppose 126 = 5*f + o*k, 5*f - 4*k - 129 = -17. Let x = f - -71. List the prime factors of x.
5, 19
Let c(r) = 2069*r**2 + 32*r + 39. List the prime factors of c(-3).
2, 3, 7, 13, 17
List the prime factors of (-91707)/14*((-1068)/414 + 10/(-115)).
2, 11, 397
Suppose 49*i = 51*i - x - 67643, -5 = 5*x. List the prime factors of i.
31, 1091
Let w(s) = -721*s + 4881. What are the prime factors of w(-86)?
211, 317
Suppose 3*y = -i + 2540, -4*y = -2*i - 1193 - 2197. Suppose -s + y = -b, -4227 = -6*s + s + b. What are the prime factors of s?
5, 13
Let m(g) = -g**3 + 46*g**2 - 34*g + 389. List the prime factors of m(43).
2, 2237
Suppose -2 = n, -5*g + g = -n - 6. Let t(w) = 359*w**2 + w - 1. What are the prime factors of t(g)?
359
Let m(x) = x**2 + 13*x - 38. Let o = -41 - -24. What are the prime factors of m(o)?
2, 3, 5
Let k be (-4)/(-26) - (-3040)/520. Suppose 0 = k*u - 2751 + 45. List the prime factors of u.
11, 41
Let l be (-25440)/260 - 4/26. Let s = l + 5. Let i = -4 - s. List the prime factors of i.
89
Suppose -45*z - 239583 = -50*z - k, -3*k = -4*z + 191674. What are the prime factors of z?
47917
Let s = -137 + 502. Let j be s + 2/3 + 20/6. Suppose 9*l + j = 12*l. What are the prime factors of l?
3, 41
Let l(z) be the third derivative of -z**5/60 - 31*z**4/24 + 31*z**3/6 - 31*z**2. What are the prime factors of l(-22)?
229
Let o(k) = 12*k + 113. Suppose 0 = 12*z - 3*z - 207. What are the prime factors of o(z)?
389
Suppose 0 = -2*y - 5*d + 18, 4*y = -10*d + 5*d + 16. Let h(c) = -259*c**3 + 3*c**2 + 3*c + 1. What are the prime factors of h(y)?
2, 5, 13
Let r(y) = -1691*y - 8834. What are the prime factors of r(-41)?
60497
Let s be (0 - -1)*(112/14 - 13). List the prime factors of 246 - ((-6 - s) + 5).
2, 11
Let h be 2/(-4)*(-22 + 16). Suppose 20 - 5 = h*j. Suppose j*x = 64 + 66. What are the prime factors of x?
2, 13
Suppose -132 - 63 = -i. Let s = i + -124. What are the prime factors of s?
71
Let a(c) = -3098*c - 469. List the prime factors of a(-3).
5, 353
List the prime factors of (-410)/1845 - ((-2988903)/135 + (-2)/10).
2, 3, 5, 41
List the prime factors of 4181440/(-128)*-2*1.
5, 73, 179
Suppose -117325 = -15*o + 215. What are the prime factors of o?
2, 3, 653
Let j(f) = 10*f**2 + 22*f + 165. Suppose -26*y = -44*y - 216. What are the prime factors of j(y)?
3, 149
List the prime factors of 2/6*(-71603145)/(-355).
3, 73, 307
Let s = 36118 + -23449. List the prime factors of s.
3, 41, 103
Let w = -158 - -158. Suppose 5*t - 420 = -w*t. What are the prime factors of t?
2, 3, 7
Let l(j) = -4 + 0*j - 1 + 3*j**2 + 2*j - 7*j. Let x be l(-1). Suppose 0 = 3*g + 3*f - 186, -4*f = -x*g - 2*f + 181. What are the prime factors of g?
61
Let t(m) = -m + 12. Suppo